ppose 4*r - 5*d + 31 = 0, 3*r + 32 = -d + 3*d. Let w be c(r). What are the prime factors of 1 - w - (-89 + 6)?
5, 17
Let g be 2 - 2 - (0 - 6)/3. Suppose -63*t + g = -61*t. What are the prime factors of (-2 + (8 - 4))*(t + 10)?
2, 11
Let c = 85 + -80. Suppose -c*z + v = -1598, 5*z = 3*z + 2*v + 636. What are the prime factors of z?
2, 5
Let r = 113 - 60. Let h = -50 + r. Suppose 5*k - p = 258, -p - 62 - 92 = -h*k. What are the prime factors of k?
2, 13
Let b be (9/9)/((-2)/(-24)). Suppose -8*s + 28 = -b. Suppose 4*j - 424 = -4*o - 32, s*o + j - 482 = 0. List the prime factors of o.
2, 3
Let p be (-4)/(-32) - 2/16. What are the prime factors of -59 + 57 + 2 + 412 + p?
2, 103
Suppose -d = 2*u + 2*u + 10, -5*d = -2*u - 38. Suppose -3*t = -d - 3. Suppose t*h + 0 - 140 = x, -174 = -4*h - 5*x. List the prime factors of h.
2, 23
Let f(p) = -4*p - 22 - p**2 + 10 - 17. Let a be f(-11). List the prime factors of (18/6 - (1 + 3))*a.
2, 53
Let u(p) = -337*p + 1709. What are the prime factors of u(-14)?
6427
Suppose -b = 3*v - 615, b - 27*v = -28*v + 611. What are the prime factors of b?
3, 7, 29
Suppose 334288 = 56*a + 70920. List the prime factors of a.
4703
Suppose 0*j = 9*j - 144112 - 150179. What are the prime factors of j?
19, 1721
Suppose -64493 = 5*u - 158896 - 72667. What are the prime factors of u?
2, 3, 5569
Let h be 4/18 + 4620/(-135) + 0. What are the prime factors of 1 - 1/(-2*(-1)/h)?
2, 3
Suppose 3*y = h + h + 3, -5*y + 4*h + 3 = 0. Suppose 6*r = 5*r - y. What are the prime factors of (-16)/(-4) - 0/r?
2
Suppose -117058 = -4*i + 142*n - 140*n, 4*n + 117060 = 4*i. List the prime factors of i.
2, 31, 59
Let x = -4526 - -10175. What are the prime factors of x?
3, 7, 269
Suppose -2*f - f - 4*l = -793, -3*l = -3. Let i(t) = 2*t**3 + 8*t**2 + 13*t + 3. Let h be i(-5). Let s = h + f. List the prime factors of s.
151
Suppose -5*c - 2*p + 30 = 0, 0 = 2*c + 10*p - 8*p - 12. Suppose c*d - 1283 = d - k, 781 = 3*d - 5*k. List the prime factors of d.
257
Let k be (-2 - (-129)/(-6))*(-4)/2. Let r = -47 + k. Suppose r = -4*o + o - 2*p + 46, -5*o = 5*p - 85. List the prime factors of o.
2, 3
Let a(j) = 13*j**3 + 17*j**2 + 27*j + 21. What are the prime factors of a(13)?
2, 3, 19, 31
Suppose -16 = 26*i + 88. Let d(l) = -37*l + 21*l - 5 + 0. List the prime factors of d(i).
59
Let v = -71 + 75. Suppose 2*k + 176 = v*k. Let r = k - 6. What are the prime factors of r?
2, 41
What are the prime factors of (-380)/(-180)*-3*-3957?
19, 1319
What are the prime factors of -27 + 41 + (2766 - 0)?
2, 5, 139
Let c(d) = d**3 - d**2 - 2*d + 2. Let q be c(2). Suppose -q*p - 6 = 4*v, 3*p - 11 + 36 = -2*v. Let a = p + 92. What are the prime factors of a?
3
Suppose -q + 10 = 2*v, -13*q + 17*q - 5 = -v. Let l = -3 - -5. What are the prime factors of (-64 + q)/(-2) + l?
2, 17
What are the prime factors of (-1366 - -4)/(42/(-112))?
2, 227
Suppose 50*k + 62*k = 96*k + 324512. What are the prime factors of k?
2, 10141
Let q = 50293 - 22323. What are the prime factors of q?
2, 5, 2797
Let j(x) = 191*x**3 + 4*x**2 - 37*x + 124. What are the prime factors of j(6)?
2, 107, 193
Let c(d) = 2*d**2 - 3*d - 4. Let y(t) = -t**3 + 10*t**2 + 2. Let v be y(10). Let s = v + 2. List the prime factors of c(s).
2
Suppose -3*x = -2*a - 16, 10 = 6*x - 2*x + 3*a. Let k be x*(4 + -3) + 1. Suppose -k*h = -4*i - 380, -2*i = 3*h - 4*i - 226. List the prime factors of h.
2, 3
Suppose 0 = -2*i + 2*l + 18643 + 25571, -6*i - l + 132593 = 0. List the prime factors of i.
2, 5, 13, 17
What are the prime factors of ((-256)/6 - 1*-3)*-162?
2, 3, 7, 17
Let g be 33/39 + -1 + (-3108)/(-91). Suppose -4*y + 1896 = -2*l, -g*y - l + 2356 = -29*y. What are the prime factors of y?
2, 59
Suppose -6534 = 15*p - 26*p. Let s = 1081 - p. List the prime factors of s.
487
Let n(m) = 64*m**3 + 5*m**2 - 65*m + 14. List the prime factors of n(6).
2, 3407
Let p be ((-54)/9)/((-2 + 4)*-1). Suppose 2*v = p*v - 3*w - 35, -4*w = 16. List the prime factors of v.
23
Let y = 33967 + -21290. List the prime factors of y.
7, 1811
Let q(l) = -l**3 - 3*l**2 + 6*l + 10. Let s be q(-4). Suppose 0 = -2*z + 8, -b + s*b = z + 4. Let r(o) = 4*o - 10. What are the prime factors of r(b)?
2, 11
Suppose 17*l + 15*l + 795 = 171835. List the prime factors of l.
5, 1069
Let b(t) = 140*t + 68. Let g(l) = -3*l - 1. Let a(v) = -4*b(v) - 176*g(v). List the prime factors of a(-12).
2, 3
List the prime factors of (0 - 123058/(-6)) + (-969)/(-2907).
2, 5, 7, 293
What are the prime factors of 31/(-403) - 1105111/(-91)?
2, 3, 11, 23
Suppose 30246 = 3*a - 4*l + 7*l, 5*l = 30. What are the prime factors of a?
2, 11, 229
Suppose -4*m - 116 = 156. Let f = 68 + m. Suppose 3*h - 170 = -5*q - f*q, -4*h - 3*q = -245. What are the prime factors of h?
5, 13
Let g(h) = h + 9. Let j be g(-7). Suppose 21 = 2*q + j*o - 5, q - 2*o - 7 = 0. Let w(y) = y + 8. List the prime factors of w(q).
19
Let z = 26989 - 17636. What are the prime factors of z?
47, 199
Let l be 2/(-5) + 8384/(-40) + -7. What are the prime factors of (31/(l/7140))/(-1)?
2, 3, 5, 17
Suppose 73*o - 12*o - 519903 = 0. What are the prime factors of o?
3, 947
Let g = -109 + 112. Suppose -5*x - g*k + 550 = k, -k = -3*x + 330. List the prime factors of x.
2, 5, 11
Suppose -5*m + 10524 = -3*i, -2*i - 2109 = -29*m + 28*m. What are the prime factors of m?
3, 701
Suppose 37 = 2*x - 75. Suppose 4*g = -2*v - 38, 0 = 4*g - 2*v + x + 2. Let p(h) = -h**3 - 11*h**2 + 10*h + 8. What are the prime factors of p(g)?
2
Suppose -5*x - m + 17 = -0*m, x + m - 5 = 0. Suppose i + 6 = -2*i - 4*z, -2*z - 12 = -x*i. Suppose i*k - 39 = 125. List the prime factors of k.
2, 41
Let l(o) = 3234*o**2 - 39*o + 83. List the prime factors of l(2).
12941
Suppose 5*h - 34 + 9 = 5*m, -2*h + 2 = 2*m. Suppose 0 = -3*i + 5*p + 48, 6 + 27 = 2*i - h*p. List the prime factors of (-98)/i*(-198)/7.
2, 3, 11
Suppose 777845 = 27*j + 40*j - 707679. What are the prime factors of j?
2, 23, 241
Let x be 20/(-18) + 10/90. List the prime factors of -1 + (113 - (x + -1)).
2, 3, 19
Let s be 1 + (-24)/9 + (-6)/(-9). Let h be (-2 + (s - -3))/(5/(-5)). Let n(m) = -m**2 - m + 44. List the prime factors of n(h).
2, 11
Suppose 0*h + 3*t = -5*h + 9, -3*h = 2*t - 6. Let s(l) = 5*l**2 + l + 1206. What are the prime factors of s(h)?
2, 3, 67
Let h(t) = t**2 + 3*t + 2. Let v be h(0). Suppose 6*a + 832 = 7*a + 2*n, v*a - 5*n = 1655. List the prime factors of a.
2, 5, 83
Let x(d) = 245*d + 553. List the prime factors of x(26).
7, 23, 43
Suppose -177 = d - 195. List the prime factors of 1*d/(-24) + (-23375)/(-20).
2, 73
Suppose 46*l - 113397 = 9*l + 36971. What are the prime factors of l?
2, 127
Suppose -2*i + 30214 = l, 2*l + 3*i = 5*l - 90696. List the prime factors of l.
2, 7, 17, 127
Suppose -5*r - 5 = 0, -33*r = -4*d - 29*r + 42740. What are the prime factors of d?
2, 2671
What are the prime factors of (-5)/(-4) + (-830571)/(-84) + 4?
13, 761
Let g(j) = j + 1. Let i = 6 + -18. Let q be g(i). Let m(y) = 2*y**2 + 13*y - 29. List the prime factors of m(q).
2, 5, 7
Let v = 6703 - -4080. List the prime factors of v.
41, 263
Let w(a) = a**3 + 15*a**2 + 25*a - 45. Let m be w(-12). Let o = 30 + m. What are the prime factors of o?
3, 13
Let h be 28*2/(-12)*48. Let r = h - -248. List the prime factors of r.
2, 3
Suppose -5*n - 4*y + 20 = 0, 0 = -3*n + n + y + 8. Let k be 3/(-12) + 1/n + 2. Suppose -32 = -3*v - 5*u, -7 = k*u + 3. List the prime factors of v.
19
Let o = -40 - -264. Let f = o - -195. What are the prime factors of f?
419
Suppose 2*o + 2662 = 5*v, 6*v - 1590 = 3*v + 3*o. Let q = v - 274. Suppose -5*s - 6*a = -a - q, -2*s + a + 101 = 0. List the prime factors of s.
3, 17
Let g = 15 - 17. Let o be g/4 + (-217)/(-14). Suppose -o*c + 20*c - 435 = 0. List the prime factors of c.
3, 29
Let v(g) be the first derivative of -7 + g**2 + 1/3*g**3 + 28*g. What are the prime factors of v(-13)?
3, 19
Suppose 30*o + 5031 = 31*o. Suppose 0 = -29*m + 20*m + o. List the prime factors of m.
13, 43
Suppose -5*z - 3*c + 3036 = 0, 4*c + 1332 = 3*z - 507. Suppose -6*u = -93 - z. List the prime factors of u.
3, 13
Suppose 5*x + 10467 + 2424 = 4*r, -5*r - x + 16150 = 0. List the prime factors of r.
3229
Suppose -27*u + 40 = -29*u + 5*a, -3*a - 18 = 3*u. List the prime factors of (-4*495/u)/(-6 + 7).
2, 